24 is divided by 170.
154
Calculate the remainder when 36449 is divided by 50.
49
What is the remainder when 315757 is divided by 12?
1
Calculate the remainder when 28618 is divided by 124.
98
What is the remainder when 773 is divided by 250?
23
Calculate the remainder when 347924 is divided by 41.
39
What is the remainder when 139155 is divided by 34785?
15
Calculate the remainder when 41327 is divided by 27.
17
What is the remainder when 19420 is divided by 26?
24
Calculate the remainder when 42666 is divided by 71.
66
Calculate the remainder when 2663 is divided by 24.
23
What is the remainder when 14767 is divided by 14755?
12
Calculate the remainder when 2009 is divided by 127.
104
What is the remainder when 4315 is divided by 1321?
352
Calculate the remainder when 6236 is divided by 40.
36
Calculate the remainder when 8658 is divided by 248.
226
Calculate the remainder when 1337 is divided by 348.
293
What is the remainder when 47587 is divided by 15856?
19
What is the remainder when 67400 is divided by 126?
116
Calculate the remainder when 884 is divided by 864.
20
Calculate the remainder when 44168 is divided by 589.
582
What is the remainder when 1741066 is divided by 28?
26
What is the remainder when 80988 is divided by 298?
230
What is the remainder when 4534 is divided by 44?
2
What is the remainder when 14363 is divided by 410?
13
What is the remainder when 147380 is divided by 268?
248
Calculate the remainder when 3783 is divided by 26.
13
Calculate the remainder when 18249 is divided by 152.
9
What is the remainder when 1440154 is divided by 101?
96
What is the remainder when 20208 is divided by 6723?
39
What is the remainder when 2616 is divided by 289?
15
Calculate the remainder when 3156 is divided by 981.
213
What is the remainder when 7155 is divided by 192?
51
What is the remainder when 30903 is divided by 140?
103
What is the remainder when 13236 is divided by 301?
293
What is the remainder when 34183 is divided by 1296?
487
What is the remainder when 227019 is divided by 75?
69
Calculate the remainder when 15261 is divided by 5062.
75
Calculate the remainder when 6025 is divided by 1003.
7
Calculate the remainder when 8826 is divided by 15.
6
Calculate the remainder when 10981 is divided by 669.
277
Calculate the remainder when 940 is divided by 316.
308
What is the remainder when 235839 is divided by 88?
87
What is the remainder when 268573 is divided by 1041?
1036
Calculate the remainder when 6470 is divided by 17.
10
What is the remainder when 1287 is divided by 129?
126
Calculate the remainder when 501293 is divided by 83548.
5
What is the remainder when 2480013 is divided by 726?
723
What is the remainder when 13736 is divided by 21?
2
Calculate the remainder when 1887 is divided by 1865.
22
Calculate the remainder when 3097 is divided by 1432.
233
Calculate the remainder when 3593 is divided by 167.
86
What is the remainder when 2493 is divided by 226?
7
Calculate the remainder when 14397 is divided by 177.
60
What is the remainder when 5448 is divided by 176?
168
What is the remainder when 16377 is divided by 686?
599
What is the remainder when 1196 is divided by 777?
419
Calculate the remainder when 2764 is divided by 126.
118
What is the remainder when 274 is divided by 268?
6
Calculate the remainder when 582207 is divided by 1489.
8
What is the remainder when 863 is divided by 538?
325
What is the remainder when 8782 is divided by 8771?
11
What is the remainder when 5139 is divided by 1267?
71
Calculate the remainder when 7383 is divided by 3676.
31
Calculate the remainder when 68786 is divided by 364.
354
What is the remainder when 428 is divided by 3?
2
What is the remainder when 46427 is divided by 19?
10
Calculate the remainder when 102680 is divided by 63.
53
What is the remainder when 30152 is divided by 36?
20
What is the remainder when 52527 is divided by 170?
167
What is the remainder when 63835 is divided by 1418?
25
Calculate the remainder when 6308 is divided by 1575.
8
Calculate the remainder when 34734 is divided by 193.
187
Calculate the remainder when 111152 is divided by 215.
212
Calculate the remainder when 3934948 is divided by 74.
72
What is the remainder when 49734 is divided by 41?
1
What is the remainder when 1872 is divided by 33?
24
Calculate the remainder when 3892 is divided by 4.
0
Calculate the remainder when 1249 is divided by 621.
7
Calculate the remainder when 4153 is divided by 275.
28
Calculate the remainder when 1543 is divided by 1098.
445
Calculate the remainder when 219430 is divided by 739.
686
What is the remainder when 38857 is divided by 347?
340
What is the remainder when 32680 is divided by 1814?
28
What is the remainder when 3517 is divided by 3493?
24
What is the remainder when 244207 is divided by 454?
409
Calculate the remainder when 3462 is divided by 416.
134
What is the remainder when 108494 is divided by 1644?
1634
What is the remainder when 193050 is divided by 68?
66
What is the remainder when 70371 is divided by 7036?
11
What is the remainder when 165915 is divided by 85?
80
Calculate the remainder when 324530 is divided by 162260.
10
Calculate the remainder when 25477 is divided by 43.
21
What is the remainder when 1875 is divided by 460?
35
Calculate the remainder when 8736 is divided by 501.
219
What is the remainder when 19333 is divided by 328?
309
Calculate the remainder when 4489 is divided by 642.
637
Calculate the remainder when 897526 is divided by 1364.
14
What is the remainder when 4277 is divided by 165?
152
Calculate the remainder when 27718 is divided by 45.
43
What is the remainder when 28541 is divided by 595?
576
What is the remainder when 101 is divided by 44?
13
Calculate the remainder when 80361 is divided by 301.
295
What is the remainder when 152090 is divided by 426?
8
What is the remainder when 3066 is divided by 85?
6
Calculate the remainder when 55006 is divided by 79.
22
Calculate the remainder when 34654 is divided by 499.
223
Calculate the remainder when 614 is divided by 15.
14
Calculate the remainder when 795 is divided by 68.
47
Calculate the remainder when 9539 is divided by 9.
8
What is the remainder when 78294 is divided by 174?
168
Calculate the remainder when 6154 is divided by 114.
112
What is the remainder when 2939 is divided by 105?
104
What is the remainder when 45849 is divided by 262?
261
Calculate the remainder when 152687 is divided by 3319.
13
What is the remainder when 247106 is divided by 9?
2
Calculate the remainder when 7677 is divided by 24.
21
Calculate the remainder when 123531 is divided by 64.
11
Calculate the remainder when 7399 is divided by 73.
26
Calculate the remainder when 13509 is divided by 12.
9
Calculate the remainder when 20527 is divided by 2562.
31
Calculate the remainder when 418611 is divided by 60.
51
What is the remainder when 34542 is divided by 566?
16
Calculate the remainder when 78111 is divided by 39054.
3
Calculate the remainder when 32038 is divided by 5297.
256
Calculate the remainder when 210977 is divided by 9.
8
Calculate the remainder when 66882 is divided by 72.
66
Calculate the remainder when 163413 is divided by 4.
1
What is the remainder when 1298 is divided by 39?
11
What is the remainder when 11132 is divided by 2223?
17
What is the remainder when 6320 is divided by 6320?
0
Calculate the remainder when 38893 is divided by 131.
117
What is the remainder when 61766 is divided by 15441?
2
Calculate the remainder when 48195 is divided by 482.
477
What is the remainder when 1212798 is divided by 22459?
12
Calculate the remainder when 13692 is divided by 415.
412
What is the remainder when 8277 is divided by 69?
66
Calculate the remainder when 5130 is divided by 81.
27
Calculate the remainder when 13266 is divided by 23.
18
What is the remainder when 380359 is divided by 31?
20
What is the remainder when 109241 is divided by 408?
305
Calculate the remainder when 34539 is divided by 8634.
3
What is the remainder when 833712 is divided by 238?
236
What is the remainder when 1025 is divided by 40?
25
Calculate the remainder when 12592 is divided by 630.
622
What is the remainder when 3102 is divided by 223?
203
What is the remainder when 61184 is divided by 434?
424
What